29?
-302
In base 5, what is -41 - 11412?
-12003
In base 2, what is 100011101000 + -1100001010?
10111011110
In base 2, what is -100 + -111010010?
-111010110
In base 4, what is 231210130 - -1?
231210131
In base 14, what is -c08bd - -3?
-c08ba
In base 6, what is 32 - 3331?
-3255
In base 5, what is 2 - 1122430?
-1122423
In base 10, what is -1876 + -5?
-1881
In base 15, what is 4 - d2b5?
-d2b1
In base 14, what is -4d + 384?
335
In base 2, what is 10 - -100010111100101111?
100010111100110001
In base 7, what is -13352356 + 1?
-13352355
In base 9, what is -457 + -51?
-518
In base 16, what is -5ac + -375?
-921
In base 4, what is -20123120 + -10?
-20123130
In base 6, what is -4023241 + 5?
-4023232
In base 16, what is 2 + -13d0c?
-13d0a
In base 13, what is -105410 + 5?
-105408
In base 10, what is -99780 - 4?
-99784
In base 4, what is -1022102212 + -2?
-1022102220
In base 8, what is -36065 - 35?
-36122
In base 13, what is 2b7cb + 0?
2b7cb
In base 11, what is 3 - 1a2981?
-1a2979
In base 7, what is 661 - -1324?
2315
In base 16, what is 40ce47 - -1?
40ce48
In base 16, what is 1a8 + -15b?
4d
In base 6, what is -1 - 34114?
-34115
In base 16, what is -48 + 12ce?
1286
In base 7, what is -44 + -406?
-453
In base 4, what is -212313011 - -2?
-212313003
In base 12, what is -27464 - -5b?
-27405
In base 13, what is -2a952 - 5?
-2a957
In base 9, what is 4 + 1505820?
1505824
In base 3, what is 2100 + -10120200?
-10111100
In base 16, what is 3985 - -3?
3988
In base 2, what is -1101 + -101000001?
-101001110
In base 6, what is -1 - 5505203?
-5505204
In base 2, what is -100001010011 - 111?
-100001011010
In base 16, what is 5 - 7b9?
-7b4
In base 5, what is -2100 + -42?
-2142
In base 9, what is -32 + 16666?
16634
In base 3, what is -122120 + 10?
-122110
In base 2, what is 1001000110 + -101110100?
11010010
In base 4, what is -13 + -11301113?
-11301132
In base 7, what is 123 - 4113?
-3660
In base 8, what is -235175 + -1?
-235176
In base 2, what is 11110110110110110 - -10?
11110110110111000
In base 7, what is 2 - 4352?
-4350
In base 10, what is 403 - -423?
826
In base 13, what is -b + -3136?
-3144
In base 13, what is 1b2c + a7?
1c06
In base 13, what is -12b + -3c1?
-51c
In base 6, what is 0 + 2252253?
2252253
In base 16, what is -399 + e3?
-2b6
In base 16, what is -4 - 258b?
-258f
In base 15, what is 1a954 - 7?
1a94c
In base 5, what is 31023334 - -2?
31023341
In base 3, what is -1 + -1202200021200?
-1202200021201
In base 11, what is -7a26 - -6?
-7a20
In base 9, what is 11150 - 11?
11138
In base 11, what is 215 - -2?
217
In base 5, what is 2014223 + -222?
2014001
In base 11, what is -1900a + -6?
-19015
In base 6, what is -4 - 3122422?
-3122430
In base 6, what is -1452050 - 2?
-1452052
In base 2, what is -11011011101 - 11?
-11011100000
In base 8, what is 14 + -675?
-661
In base 2, what is 1101000101000011101 - -1?
1101000101000011110
In base 7, what is -30034 - -46?
-26655
In base 11, what is 4 + -9715?
-9711
In base 4, what is -200 - -10020?
3220
In base 7, what is 4 - 61311?
-61304
In base 2, what is 110110 - 101010000111?
-101001010001
In base 13, what is -1 - -3361?
3360
In base 12, what is 4 + -3a47?
-3a43
In base 2, what is 100 + -1000111100001001100?
-1000111100001001000
In base 10, what is -375 + 3347?
2972
In base 12, what is 1 + -1697?
-1696
In base 13, what is -2 + 1218?
1216
In base 13, what is 29 - -10bc0?
10c19
In base 12, what is -36 + -868b?
-8705
In base 16, what is -3af27 - -1?
-3af26
In base 8, what is -4 - -1526520?
1526514
In base 7, what is 65422 - -1?
65423
In base 12, what is -a478 - -1?
-a477
In base 14, what is -d163 + 3?
-d160
In base 9, what is -165 - 71?
-246
In base 14, what is 1 + 13632?
13633
In base 3, what is 1221 + -2000001?
-1221010
In base 9, what is -320172 + -1?
-320173
In base 14, what is -1a + 7ca?
7b0
In base 12, what is 2253 + 10?
2263
In base 11, what is 44 + -458?
-414
In base 11, what is -11 + -3191?
-31a2
In base 10, what is 14 - -101386?
101400
In base 8, what is 0 + 244164?
244164
In base 6, what is -31 + -114210?
-114241
In base 4, what is -10 + -11002303?
-11002313
In base 5, what is 2 + -1242403?
-1242401
In base 6, what is -122003535 + 2?
-122003533
In base 7, what is 6010 + 165?
6205
In base 9, what is 2 - 41885?
-41883
In base 4, what is 2102 + -10030?
-1322
In base 2, what is -10110111110100110 - 1?
-10110111110100111
In base 15, what is 5 - 12ad2?
-12acc
In base 15, what is -dcb + 70?
-d5b
In base 3, what is -1011 - 21021?
-22102
In base 16, what is -cd6 - -bd?
-c19
In base 7, what is 42235 + 20?
42255
In base 2, what is 1100111011000110 + 11?
1100111011001001
In base 5, what is -122 + -143?
-320
In base 12, what is -3 - -412126?
412123
In base 4, what is -10220 - -310311?
300031
In base 6, what is -145 + 153522?
153333
In base 4, what is -13333 - -2122?
-11211
In base 16, what is -4 - 9deac?
-9deb0
In base 13, what is 4335 - -1a?
4352
In base 15, what is c290 + 4?
c294
In base 6, what is -10 + 1015523?
1015513
In base 8, what is -4 - 10357?
-10363
In base 7, what is 1052 + 16?
1101
In base 2, what is -100101010100000 - 1?
-100101010100001
In base 12, what is 6 + -73076?
-73070
In base 12, what is -103a + 13?
-1027
In base 11, what is -789a - 4?
-78a3
In base 7, what is 231262 + 30?
231322
In base 4, what is -10 + 1121300?
1121230
In base 4, what is 113232 - -112?
120010
In base 5, what is 2043 - 12111?
-10013
In base 6, what is 3425414 + 0?
3425414
In base 14, what is 4 - -c1b11?
c1b15
In base 3, what is -12 + -112202?
-112221
In base 11, what is 2600 + 32?
2632
In base 14, what is 4 - -12530?
12534
In base 2, what is 11100 - 100101001110001?
-100101001010101
In base 7, what is 515425 - -5?
515433
In base 9, what is -22517 + 25?
-22482
In base 6, what is -3030555 + -1?
-3031000
In base 11, what is 45960 + 3?
45963
In base 8, what is 24 - 3503?
-3457
In base 9, what is 16300 - 1?
16288
In base 6, what is 31 - -133212?
133243
In base 12, what is -12b86 + 15?
-12b71
In base 16, what is -1 - -4a54?
4a53
In base 3, what is 121 + -11112120?
-11111222
In base 15, what is -10 - -4a4a?
4a3a
In base 12, what is -3 - -14455?
14452
In base 7, what is -30 - 2152?
-2212
In base 14, what is 3acd + 2?
3ad1
In base 16, what is -4cb + 261?
-26a
In base 4, what is -30 + -202311?
-203001
In base 13, what is 2a38 + -294?
2774
In base 16, what is -2 - -1091c?
1091a
In base 3, what is -1012221221 - -10?
-1012221211
In base 13, what is 345c8 + 2?
345ca
In base 11, what is -609a6 - 21?
-60a17
In base 12, what is 85 + 43?
108
In base 15, what is -5584 - -3?
-5581
In base 15, what is 1dd6e - -6?
1dd75
In base 12, what is 1314 + 5?
1319
In base 16, what is 2 - 162c3?
-162c1
In base 9, what is -87 + -83?
-181
In base 10, what is -58 - -14790?
14732
In base 4, what is -122132 + 1020?
-121112
In base 11, what is 54397 + 2?
54399
In base 16, what is -1f82b - -3?
-1f828
In base 12, what is -42 - -870?
82a
In base 8, what is -2517 - 1137?
-3656
In base 5, what is 2 + 102023?
102030
In base 3, what is -110021 - -11002?
-22012
In base 3, what is 212 + 222111222?
222112211
In base 15, what is -3c7a7 - -8?
-3c79e
In base 4, what is -1 - 12301223?
-12301230
In base 11, what is 23 - -537?
55a
In base 11, what is -a6 - 9?
-104
In base 15, what is 48e + -db?
3a3
In base 15, what is -34d39 + 3?
-34d36
In base 8, what is 5 + -1543?
-1536
In base 9, what is 6 + -14755?
-14748
In base 15, what is -1a6840 + -1?
-1a6841
In base 9, what is 4 + -163185?
-163181
In base 6, what is -224 - -3032?
2404
In base 6, what is -43141 + -25?
-43210
In base 3, what is 102122102 + 10011?
102202120
In base 2, what is -100 - -10100000101101111100?
10100000101101111000
In base 7, what is 15 + 63561?
63606
In base 9, what is -267472 + -5?
-267477
In base 12, what is 54 - 183?
-12b
In base 13, what is 5 + 40c97?
40c9c
In base 5, what is 10102104 + 10?
10102114
In base 10, what is 77870 - -5?
77875
In base 2, what is -110000110110 + 100111?
-110000001111
In base 16, what is 5 - 1c71?
-1c6c
In base 13, what is -5 - 7ca32?
-7ca37
In base 3, what is 20221 - -100011?
121002
In base 14, what is 62 + -ab3?
-a51
In base 8, what is -32 + -5147?
-5201
In base 9, what is -1 + -212804?
-212805
In base 11, what is 179a - -147?
1936
In base 12, what is 14a3 - -14b?
1632
In base 11, what is -3092 + 2